der when z is divided by 18.
15
Let v(j) = -15*j + 4. Let g be v(-3). Let w = -29 + g. Calculate the remainder when 59 is divided by w.
19
Suppose -p - 3*t = 4*p + 535, -214 = 2*p + 2*t. Let x = -33 - p. Calculate the remainder when x is divided by 25.
24
Let p = -3 + 8. Suppose 5*z + r = 60, p*z - 3*r = -r + 75. Let q = z - -3. What is the remainder when 47 is divided by q?
15
Let c(t) = -5*t - 14. What is the remainder when c(-16) is divided by 14?
10
Suppose -5*s - 5*a + 100 = -3*a, a = 5*s - 100. Calculate the remainder when s is divided by 15.
5
Let n = -5 + 83. Calculate the remainder when n is divided by 20.
18
Suppose -22 = -p + 4. Calculate the remainder when 51 is divided by p.
25
Let d(o) = o**2 + 7*o + 3. Let q be d(-7). Suppose -3*r - q*x = -27, -4*x = 2 + 6. What is the remainder when 43 is divided by r?
10
Suppose 2*y + 10 = 4*y. Suppose -s - 15 = 5*u - 1, s = y*u + 26. What is the remainder when 16 is divided by s?
4
Let m be 50/(-15)*(2 - -1). Let g = m - -25. Let i = g + -6. Calculate the remainder when i is divided by 5.
4
Let w(h) = 3*h + 2. Let n(a) = -3*a - 2. Let s(k) = 6*n(k) + 5*w(k). Calculate the remainder when 31 is divided by s(-6).
15
Suppose 18 = 5*f - 152. Let a = 47 - f. What is the remainder when 24 is divided by a?
11
Let o(v) = -v**3 + 3*v**2 + 2*v - 1. Let y(b) = 0*b + b + 1 - 6 + 0. Let f be y(8). Calculate the remainder when 13 is divided by o(f).
3
Let b = 0 - 1. Let q be b*2*(-2)/4. What is the remainder when (0 - -22 - 2) + q is divided by 11?
10
Suppose 5*j + 154 = 2*i, 3*i = -2*i - j + 331. Suppose 0 = -4*r + r + 4*q + i, 4*q = -2*r + 18. What is the remainder when r is divided by 6?
5
Suppose 4*z - 36 = 2*l, 0 = -5*z - 5*l + 50 + 25. Suppose 7*r - 2*r - 155 = 0. Calculate the remainder when (r/(-4))/(1/(-4)) is divided by z.
9
Suppose 0 = -2*q - 0*q - 392. Let w = -107 - q. What is the remainder when w is divided by 30?
29
Suppose -4*q + 3 = -9. Let t be (-1)/(-3) + 83/q. Suppose -m = m - t. Calculate the remainder when 26 is divided by m.
12
Let f(k) = 24*k - 6. Calculate the remainder when f(3) is divided by 17.
15
Suppose -3*j + 29 = 5. Let r(b) = 5*b**2 - 4*b + 3. Calculate the remainder when r(2) is divided by j.
7
Let o be (-3)/(-2) + 35/2. Suppose h = 27 + o. What is the remainder when h is divided by 16?
14
Let t(s) = 2*s**3 - 4*s**2 + 2*s + 1. Let p be t(2). Let i = 19 - p. What is the remainder when i is divided by 8?
6
Let o(r) = -r**3 - 7*r**2 - 2*r - 9. Let b be o(-7). Suppose k - 30 = -4*p, -b*p + 3*p + 50 = 4*k. Calculate the remainder when 28 is divided by k.
8
Suppose 0*o + 5*o - 3*n - 67 = 0, -5*o = n - 51. What is the remainder when 30 is divided by o?
8
Let l(g) = 58*g**2 - 1. Let j be l(1). Let t = j + -20. Calculate the remainder when t is divided by 19.
18
Calculate the remainder when 128 is divided by (2 - 0) + (2 - -9).
11
Let x = -8 - -22. What is the remainder when 17 is divided by 3*(-2)/((-12)/x)?
3
Let w(h) = -h + 1. Let s be w(3). Let x(q) = 36*q**2 + 2*q + 1. Let g be x(s). What is the remainder when ((-2)/3)/((-2)/g) is divided by 16?
15
What is the remainder when (-3 - -2)/((-483)/(-243) + -2) is divided by 22?
15
What is the remainder when (-2)/(-9) + (-4952)/(-72) is divided by 36?
33
Let a(b) = b**2 + b + 3. Calculate the remainder when a(4) is divided by (1/2)/((-6)/(-96)).
7
Suppose -124*w - 9 = -125*w. What is the remainder when 20 is divided by w?
2
Let f = -156 + 229. What is the remainder when f is divided by 15?
13
Let r = -95 + 104. Let v = 19 - -5. What is the remainder when v is divided by r?
6
Let w(h) = h**2 - 3*h - 13. Let t = 64 - 43. Calculate the remainder when w(9) is divided by t.
20
Let h be -9 - (-1 - 0) - -3. Let m(n) = -4*n - 6. Calculate the remainder when 25 is divided by m(h).
11
Let g(k) be the second derivative of 0*k**3 + 2*k + 11/2*k**2 - 1/12*k**4 + 0. What is the remainder when g(0) is divided by 6?
5
Let x(d) be the second derivative of 7*d**4/6 + d**3/3 + d**2/2 - 6*d. Calculate the remainder when x(-2) is divided by 9.
8
Let o = -4 - -1. Let i(z) = -3*z - 3. Calculate the remainder when i(o) is divided by 4.
2
Let j(v) = -v**3 + v**2 + 5*v + 2. What is the remainder when j(-4) is divided by 13?
10
Suppose -4*a - 2*o + 252 = -6*o, 0 = 4*o + 20. Suppose 12*b = 4*b + 96. What is the remainder when a is divided by b?
10
Let d = 3 - 1. Let g = d + -1. Let t = g + 2. Calculate the remainder when 11 is divided by t.
2
Let c(s) = 2*s - 2. Suppose 0*i - i - 4*j - 4 = 0, 0 = 4*i + 5*j - 6. Suppose h + h - i = 0. What is the remainder when h is divided by c(2)?
0
Let i = 6 - 3. Suppose i*a - 3*g - 30 = 0, 5*a - 27 = 3*g + 31. What is the remainder when a is divided by 5?
4
Suppose -2*n - 3 + 39 = 0. Calculate the remainder when 51 is divided by n.
15
Suppose d - 2*m + m - 71 = 0, 3*d - 209 = 5*m. Let z = d - 33. Calculate the remainder when z is divided by 21.
19
Let p = 11 - 11. Suppose p*i + 3*i - 15 = 0. Calculate the remainder when 8 is divided by i.
3
Suppose -q = 0, 0*p + q = 3*p - 12. What is the remainder when 18 is divided by p?
2
Suppose -16 = -4*l - 0. Let f = 17 + -7. Calculate the remainder when ((-19)/l)/(5/(-20)) is divided by f.
9
Let j(k) = k**2 + 10*k + 11. Let b = -7 - 3. Calculate the remainder when 20 + (-1)/(-1) + -1 is divided by j(b).
9
What is the remainder when 63 is divided by 36 + (1 - 4 - 0)?
30
Suppose 0 = -5*h + 26 + 4. Let o = -2 + h. Suppose -o*q - 3*m + 5 = 0, 3*q + 0*q - 10 = 4*m. Calculate the remainder when q is divided by 2.
0
Let q = 4 + -1. Calculate the remainder when 66 is divided by 1/q + 50/3.
15
Suppose 2*b = 5*b. Suppose 4*k + 2 = -5*z + 40, b = 4*z + k - 37. What is the remainder when -2 + 0 + -7 + z is divided by 1?
0
Let y = 36 + -20. Suppose -g = v, -y = -5*g + 6*v - 3*v. What is the remainder when 3 is divided by g?
1
What is the remainder when 89 is divided by (4 - (3 - 2)*-27)/1?
27
Suppose -5*j + 11 = 3*q, -5*j + 5*q + 13 = -22. Suppose -l + j*l - 36 = 0. What is the remainder when 23 is divided by l?
11
Suppose -5*j - 36 = -2*z - 10*j, -40 = -z + 3*j. What is the remainder when z is divided by 12?
4
Suppose -7 = 2*q - q. Let o(p) = p**3 + 6*p**2 - 10*p - 12. Let t = -10 + 14. What is the remainder when o(q) is divided by t?
1
Let k = -31 + 35. What is the remainder when k is divided by 1?
0
Let p(w) = w**2 - 4*w + 1. Calculate the remainder when p(5) is divided by 2.
0
Let c = -8 + 18. Let q(n) = 40*n**3 - 2*n**2. What is the remainder when q(1) is divided by c?
8
Let f = -4 - -4. Let z(p) = -p**2 - p + 20. Calculate the remainder when 58 is divided by z(f).
18
Suppose -5*m - 8 = -3*t + 8, 3*t = -2*m + 44. Let k be (0 - 3 - 1)/(-1). Calculate the remainder when (k/6)/((-2)/(-66)) is divided by t.
10
Let q = -15 + 21. What is the remainder when 22 is divided by q?
4
Let j(s) = -14*s + 4. Let t be j(-5). Suppose 4*u - 6 = t. Calculate the remainder when u is divided by 11.
9
Suppose 4*a = 4*y + 36, 4*a - 3*y - 35 = -0*y. Suppose 28 = 4*q + 8. Calculate the remainder when a is divided by q.
3
Suppose -2*r = 5*l - 55, 5*l = 2*r + 34 + 41. Let s(u) = 4*u. Let b be s(-1). What is the remainder when b/(-2) + 0 + 23 is divided by l?
12
Let i = -25 - -43. Let j(n) = 7*n**2 - n + 3. What is the remainder when j(-3) is divided by i?
15
Suppose 0 = -4*x + 2*m, -x + m - 2 = -0*m. Let c(k) = 1 + 7*k**x + 0*k**2 + k**2 + 2*k**2. Calculate the remainder when c(-2) is divided by 11.
8
Suppose -7 = -2*l + 19. Calculate the remainder when 115/3 + (-7)/21 is divided by l.
12
Suppose -6*o + 3*o = -39. Let h = 30 + 6. What is the remainder when h is divided by o?
10
Let k = 215 + -83. What is the remainder when k is divided by 27?
24
Let m = -64 + 92. What is the remainder when 138 is divided by m?
26
Let o(b) = 4*b - 5. Calculate the remainder when (117/6 - -2)*2 is divided by o(5).
13
Let z(y) = 5*y. Let h(w) = w**3 + 10*w**2 + 7*w - 11. Calculate the remainder when z(4) is divided by h(-9).
6
Let q = -61 - -115. Calculate the remainder when q is divided by 8.
6
Suppose -5*m = 446 + 309. Suppose -w + 18 + 12 = 5*j, 3*j - 18 = 5*w. What is the remainder when 2/9 + m/(-9) is divided by j?
5
Let t = 2 - 2. Let u be ((-6)/3 - t) + 8. Let s(i) = i**2 - 6*i + 7. What is the remainder when 13 is divided by s